{"id":291,"date":"2018-07-01T09:24:28","date_gmt":"2018-07-01T07:24:28","guid":{"rendered":"http:\/\/www.viaggioefossiliappennino.org\/?page_id=291"},"modified":"2018-07-08T19:39:35","modified_gmt":"2018-07-08T17:39:35","slug":"alcuni-ammoniti-della-corniola-umbro-marchigiana-aventi-caratteristica-di-fossili-guida","status":"publish","type":"page","link":"https:\/\/www.viaggioefossiliappennino.org\/?page_id=291","title":{"rendered":"Alcuni ammoniti della \u201ccorniola\u201d umbro-marchigiana aventi caratteristica di fossili guida."},"content":{"rendered":"<p><strong style=\"font-size:1.4em;\">Un evento macroevolutivo della Tetide mediterranea: l&#8217;origine degli ammoniti Phymatoceratidae &#8211; Hammatoceratidae<\/strong><\/p>\n<p>In Biostratigrafia, ovvero la disciplina che studia la distribuzione in Tempo &amp; Spazio dei corpi rocciosi mediante il loro contenuto fossilifero, i fossili forse pi\u00f9 importanti sono i cosiddetti \u201cfossili guida\u201d: si tratta di organismi (vegetali o animali) oggi estinti, che a livello di genere e specie (unit\u00e0 tassonomiche di base) siano stati caratterizzati da un\u2019 esistenza con ampia distribuzione areale ma breve, brevissima (per i tempi geologici!!) durata temporale: gli Ammoniti ne sono probabilmente l\u2019 esempio pi\u00f9 noto, anche a coloro che poco si intendano di Paleontologia. Per la verit\u00e0, anche se la tematica \u00e8 relativamente inesplorata, si ha ragione di ritenere che possano assurgere al ruolo di fossili guida anche generi o specie che abbiano avuto una valenza soltanto locale: il confronto su scala pi\u00f9 vasta non resta infatti impossibile, ricorrendo alle relative (sotto-)famiglie di appartenenza, purch\u00e9 esse siano state istituite su base razionalmente filetica, anzich\u00e9 come \u201ccontenitori di comodo\u201d nei quali raggruppare, far confluire generi altrimenti privi di collocazione.<\/p>\n\n\t\t<style type=\"text\/css\">\n\t\t\t#gallery-1 {\n\t\t\t\tmargin: auto;\n\t\t\t}\n\t\t\t#gallery-1 .gallery-item {\n\t\t\t\tfloat: left;\n\t\t\t\tmargin-top: 10px;\n\t\t\t\ttext-align: center;\n\t\t\t\twidth: 33%;\n\t\t\t}\n\t\t\t#gallery-1 img {\n\t\t\t\tborder: 2px solid #cfcfcf;\n\t\t\t}\n\t\t\t#gallery-1 .gallery-caption {\n\t\t\t\tmargin-left: 0;\n\t\t\t}\n\t\t\t\/* see gallery_shortcode() in wp-includes\/media.php *\/\n\t\t<\/style>\n\t\t<div id='gallery-1' class='gallery galleryid-291 gallery-columns-3 gallery-size-large'><dl class='gallery-item'>\n\t\t\t<dt class='gallery-icon landscape'>\n\t\t\t\t<a href='https:\/\/www.viaggioefossiliappennino.org\/wp-content\/uploads\/2018\/07\/fig15Web.png'><img loading=\"lazy\" decoding=\"async\" width=\"590\" height=\"417\" src=\"https:\/\/www.viaggioefossiliappennino.org\/wp-content\/uploads\/2018\/07\/fig15Web.png\" class=\"attachment-large size-large\" alt=\"\" srcset=\"https:\/\/www.viaggioefossiliappennino.org\/wp-content\/uploads\/2018\/07\/fig15Web.png 1000w, https:\/\/www.viaggioefossiliappennino.org\/wp-content\/uploads\/2018\/07\/fig15Web-300x212.png 300w, https:\/\/www.viaggioefossiliappennino.org\/wp-content\/uploads\/2018\/07\/fig15Web-768x543.png 768w\" sizes=\"auto, (max-width: 590px) 100vw, 590px\" \/><\/a>\n\t\t\t<\/dt><\/dl>\n\t\t\t<br style='clear: both' \/>\n\t\t<\/div>\n\n<p>Senza eccedere nell\u2019 approfondire l\u2019 argomento, essendo questa una semplice nota introduttiva, \u00e8 per\u00f2 necessario riaffermare che la testimonianza dei fossili guida sia particolarmente significativa, addirittura fondamentale, per l\u2019 esecuzione di una seria analisi biostratigrafica: nelle successioni fossilifere di aree geografiche ristrette, le varie specie si succedono infatti in modo inequivocabile, e confrontandone l\u2019 avvicendarsi nelle diverse aree geografiche (es.: Mediterraneo e Nord-Europa, durante il Giurassico Inferiore) si possono riscontrare sia differenze consistenti, sia elementi affini: \u00e8 proprio a questi ultimi che il ricercatore dovr\u00e0 porre maggiore attenzione per costruire una fondata correlazione cronologica, che valga su scala quanto pi\u00f9 possibile globale. Sono d\u2019 altronde importanti anche le differenze, ma per ragioni diverse, poich\u00e9 stimolano a riflettere su temi quali presenza ed entit\u00e0 di possibili lacune, tanto nel registro paleontologico quanto nella semplice sedimentazione, oppure sui fattori che abbiano regolato la diffusione di una specie, favorendola in certe zone ed ostacolandola (se non addirittura impedendola) in altre; o ancora: sullo sviluppo di linee evolutive indipendenti, soprattutto nei casi (es.: Catriceras) ancora ammantati di mistero relativamente alla conoscenza dei progenitori; senza mai dimenticare che tutte queste discussioni, strettamente interdipendenti per loro stessa natura, dovranno risultarlo in maniera armoniosa, laddove si esiga una ricostruzione coerente e quindi, per quanto possibile, affidabile.<\/p>\n\n\t\t<style type=\"text\/css\">\n\t\t\t#gallery-2 {\n\t\t\t\tmargin: auto;\n\t\t\t}\n\t\t\t#gallery-2 .gallery-item {\n\t\t\t\tfloat: left;\n\t\t\t\tmargin-top: 10px;\n\t\t\t\ttext-align: center;\n\t\t\t\twidth: 33%;\n\t\t\t}\n\t\t\t#gallery-2 img {\n\t\t\t\tborder: 2px solid #cfcfcf;\n\t\t\t}\n\t\t\t#gallery-2 .gallery-caption {\n\t\t\t\tmargin-left: 0;\n\t\t\t}\n\t\t\t\/* see gallery_shortcode() in wp-includes\/media.php *\/\n\t\t<\/style>\n\t\t<div id='gallery-2' class='gallery galleryid-291 gallery-columns-3 gallery-size-large'><dl class='gallery-item'>\n\t\t\t<dt class='gallery-icon landscape'>\n\t\t\t\t<a href='https:\/\/www.viaggioefossiliappennino.org\/wp-content\/uploads\/2018\/07\/Fig16WEB.jpg'><img loading=\"lazy\" decoding=\"async\" width=\"590\" height=\"417\" src=\"https:\/\/www.viaggioefossiliappennino.org\/wp-content\/uploads\/2018\/07\/Fig16WEB-1024x724.jpg\" class=\"attachment-large size-large\" alt=\"\" srcset=\"https:\/\/www.viaggioefossiliappennino.org\/wp-content\/uploads\/2018\/07\/Fig16WEB-1024x724.jpg 1024w, https:\/\/www.viaggioefossiliappennino.org\/wp-content\/uploads\/2018\/07\/Fig16WEB-300x212.jpg 300w, https:\/\/www.viaggioefossiliappennino.org\/wp-content\/uploads\/2018\/07\/Fig16WEB-768x543.jpg 768w, https:\/\/www.viaggioefossiliappennino.org\/wp-content\/uploads\/2018\/07\/Fig16WEB.jpg 1270w\" sizes=\"auto, (max-width: 590px) 100vw, 590px\" \/><\/a>\n\t\t\t<\/dt><\/dl>\n\t\t\t<br style='clear: both' \/>\n\t\t<\/div>\n\n<p>In un\u2019 ottica generale, il discorso diviene appunto tanto pi\u00f9 convincente quanto maggiori siano quantit\u00e0 e qualit\u00e0 dei fossili guida disponibili: l\u2019 esempio della \u201cCorniola\u201d offerto qui riassume in un\u2019 unica illustrazione un meticoloso studio iniziato a partire da sole conoscenze di base \u2013relative ai generi pi\u00f9 comuni e alla zonazione standard\u2013, ma andato affinandosi sempre pi\u00f9 nel corso di circa venti anni: tiene ovviamente conto dei vari concetti sopra accennati e ben risolve il tema della datazione relativa delle rocce, malgrado numerose lacune, onnipresenti in qualsiasi documentazione paleontologica.<\/p>\n\n\t\t<style type=\"text\/css\">\n\t\t\t#gallery-3 {\n\t\t\t\tmargin: auto;\n\t\t\t}\n\t\t\t#gallery-3 .gallery-item {\n\t\t\t\tfloat: left;\n\t\t\t\tmargin-top: 10px;\n\t\t\t\ttext-align: center;\n\t\t\t\twidth: 33%;\n\t\t\t}\n\t\t\t#gallery-3 img {\n\t\t\t\tborder: 2px solid #cfcfcf;\n\t\t\t}\n\t\t\t#gallery-3 .gallery-caption {\n\t\t\t\tmargin-left: 0;\n\t\t\t}\n\t\t\t\/* see gallery_shortcode() in wp-includes\/media.php *\/\n\t\t<\/style>\n\t\t<div id='gallery-3' class='gallery galleryid-291 gallery-columns-3 gallery-size-large'><dl class='gallery-item'>\n\t\t\t<dt class='gallery-icon portrait'>\n\t\t\t\t<a href='https:\/\/www.viaggioefossiliappennino.org\/wp-content\/uploads\/2018\/07\/fig18WEB.jpg'><img loading=\"lazy\" decoding=\"async\" width=\"590\" height=\"834\" src=\"https:\/\/www.viaggioefossiliappennino.org\/wp-content\/uploads\/2018\/07\/fig18WEB-724x1024.jpg\" class=\"attachment-large size-large\" alt=\"\" srcset=\"https:\/\/www.viaggioefossiliappennino.org\/wp-content\/uploads\/2018\/07\/fig18WEB-724x1024.jpg 724w, https:\/\/www.viaggioefossiliappennino.org\/wp-content\/uploads\/2018\/07\/fig18WEB-212x300.jpg 212w, https:\/\/www.viaggioefossiliappennino.org\/wp-content\/uploads\/2018\/07\/fig18WEB-768x1086.jpg 768w, https:\/\/www.viaggioefossiliappennino.org\/wp-content\/uploads\/2018\/07\/fig18WEB.jpg 1920w\" sizes=\"auto, (max-width: 590px) 100vw, 590px\" \/><\/a>\n\t\t\t<\/dt><\/dl>\n\t\t\t<br style='clear: both' \/>\n\t\t<\/div>\n\n","protected":false},"excerpt":{"rendered":"<p>Un evento macroevolutivo della Tetide mediterranea: l&#8217;origine degli ammoniti Phymatoceratidae &#8211; Hammatoceratidae In Biostratigrafia, ovvero la disciplina che studia la distribuzione in Tempo &amp; Spazio dei corpi rocciosi mediante il loro contenuto fossilifero, i fossili forse pi\u00f9 importanti sono i cosiddetti \u201cfossili guida\u201d: si tratta di organismi (vegetali o animali) oggi estinti, che a livello &hellip;<br \/><a href=\"https:\/\/www.viaggioefossiliappennino.org\/?page_id=291\">Read more <span class=\"meta-nav\">&rarr;<\/span><\/a><\/p>\n","protected":false},"author":1,"featured_media":0,"parent":271,"menu_order":0,"comment_status":"closed","ping_status":"closed","template":"","meta":{"footnotes":""},"class_list":["post-291","page","type-page","status-publish","hentry"],"_links":{"self":[{"href":"https:\/\/www.viaggioefossiliappennino.org\/index.php?rest_route=\/wp\/v2\/pages\/291","targetHints":{"allow":["GET"]}}],"collection":[{"href":"https:\/\/www.viaggioefossiliappennino.org\/index.php?rest_route=\/wp\/v2\/pages"}],"about":[{"href":"https:\/\/www.viaggioefossiliappennino.org\/index.php?rest_route=\/wp\/v2\/types\/page"}],"author":[{"embeddable":true,"href":"https:\/\/www.viaggioefossiliappennino.org\/index.php?rest_route=\/wp\/v2\/users\/1"}],"replies":[{"embeddable":true,"href":"https:\/\/www.viaggioefossiliappennino.org\/index.php?rest_route=%2Fwp%2Fv2%2Fcomments&post=291"}],"version-history":[{"count":16,"href":"https:\/\/www.viaggioefossiliappennino.org\/index.php?rest_route=\/wp\/v2\/pages\/291\/revisions"}],"predecessor-version":[{"id":327,"href":"https:\/\/www.viaggioefossiliappennino.org\/index.php?rest_route=\/wp\/v2\/pages\/291\/revisions\/327"}],"up":[{"embeddable":true,"href":"https:\/\/www.viaggioefossiliappennino.org\/index.php?rest_route=\/wp\/v2\/pages\/271"}],"wp:attachment":[{"href":"https:\/\/www.viaggioefossiliappennino.org\/index.php?rest_route=%2Fwp%2Fv2%2Fmedia&parent=291"}],"curies":[{"name":"wp","href":"https:\/\/api.w.org\/{rel}","templated":true}]}}